at is the units digit of 177991?
1
What is the ten thousands digit of 899465?
9
What is the millions digit of 2878675?
2
What is the ten thousands digit of 866612?
6
What is the millions digit of 2589661?
2
What is the tens digit of 3143029?
2
What is the ten thousands digit of 3286779?
8
What is the units digit of 325887?
7
What is the units digit of 11419151?
1
What is the tens digit of 2647790?
9
What is the tens digit of 19187835?
3
What is the units digit of 27671?
1
What is the hundred thousands digit of 275405?
2
What is the tens digit of 2537706?
0
What is the thousands digit of 560210?
0
What is the tens digit of 18105504?
0
What is the ten thousands digit of 3041159?
4
What is the tens digit of 235697?
9
What is the hundreds digit of 10033?
0
What is the hundreds digit of 236900?
9
What is the thousands digit of 81163?
1
What is the ten thousands digit of 1920537?
2
What is the units digit of 2365646?
6
What is the tens digit of 26835973?
7
What is the thousands digit of 350380?
0
What is the units digit of 16446193?
3
What is the ten thousands digit of 17858231?
5
What is the hundreds digit of 755760?
7
What is the ten thousands digit of 8536577?
3
What is the hundred thousands digit of 420100?
4
What is the tens digit of 1104932?
3
What is the ten thousands digit of 19234335?
3
What is the millions digit of 1253623?
1
What is the tens digit of 1101328?
2
What is the hundreds digit of 3617741?
7
What is the hundreds digit of 9994767?
7
What is the tens digit of 14845887?
8
What is the units digit of 4292598?
8
What is the ten thousands digit of 877787?
7
What is the ten thousands digit of 3737614?
3
What is the tens digit of 466931?
3
What is the units digit of 6632174?
4
What is the hundred thousands digit of 9101492?
1
What is the tens digit of 24824578?
7
What is the tens digit of 34298?
9
What is the ten thousands digit of 9732007?
3
What is the thousands digit of 21430663?
0
What is the ten thousands digit of 10462147?
6
What is the thousands digit of 1338895?
8
What is the hundreds digit of 26727?
7
What is the tens digit of 1972022?
2
What is the thousands digit of 79288?
9
What is the thousands digit of 4207541?
7
What is the hundreds digit of 7660?
6
What is the ten thousands digit of 399089?
9
What is the units digit of 312707?
7
What is the hundred thousands digit of 141330?
1
What is the ten thousands digit of 1320254?
2
What is the millions digit of 11153237?
1
What is the units digit of 7051672?
2
What is the ten thousands digit of 586799?
8
What is the tens digit of 179142?
4
What is the units digit of 3595898?
8
What is the hundred thousands digit of 24222622?
2
What is the thousands digit of 1997694?
7
What is the millions digit of 8342567?
8
What is the millions digit of 29594393?
9
What is the hundred thousands digit of 4113149?
1
What is the ten thousands digit of 14832049?
3
What is the thousands digit of 835397?
5
What is the units digit of 2441280?
0
What is the hundreds digit of 617422?
4
What is the units digit of 14564318?
8
What is the hundred thousands digit of 10862375?
8
What is the ten thousands digit of 1020154?
2
What is the hundred thousands digit of 497387?
4
What is the ten thousands digit of 534215?
3
What is the ten thousands digit of 2386790?
8
What is the tens digit of 136001?
0
What is the units digit of 7451?
1
What is the millions digit of 2094757?
2
What is the millions digit of 1248272?
1
What is the hundred thousands digit of 23755135?
7
What is the ten thousands digit of 1174228?
7
What is the hundred thousands digit of 1002593?
0
What is the hundreds digit of 18372117?
1
What is the thousands digit of 417087?
7
What is the tens digit of 422584?
8
What is the units digit of 2622946?
6
What is the units digit of 267059?
9
What is the ten thousands digit of 1534833?
3
What is the hundreds digit of 35429?
4
What is the thousands digit of 4193?
4
What is the ten thousands digit of 255306?
5
What is the hundred thousands digit of 683937?
6
What is the tens digit of 69689?
8
What is the millions digit of 1454023?
1
What is the ten thousands digit of 975922?
7
What is the thousands digit of 22715669?
5
What is the units digit of 75713?
3
What is the hundred thousands digit of 603031?
6
What is the millions digit of 3976477?
3
What is the millions digit of 23794741?
3
What is the tens digit of 244073?
7
What is the millions digit of 2541888?
2
What is the tens digit of 26709248?
4
What is the hundreds digit of 678528?
5
What is the thousands digit of 20291605?
1
What is the units digit of 1162594?
4
What is the thousands digit of 589469?
9
What is the units digit of 2702?
2
What is the tens digit of 8462242?
4
What is the ten thousands digit of 1386927?
8
What is the ten thousands digit of 371600?
7
What is the hundreds digit of 148510?
5
What is the hundreds digit of 199119?
1
What is the tens digit of 5957485?
8
What is the units digit of 134833?
3
What is the units digit of 8337786?
6
What is the ten thousands digit of 1449408?
4
What is the ten thousands digit of 785241?
8
What is the units digit of 175481?
1
What is the thousands digit of 95962?
5
What is the hundred thousands digit of 2050587?
0
What is the hundreds digit of 4758510?
5
What is the units digit of 650824?
4
What is the millions digit of 3301750?
3
What is the hundreds digit of 2519092?
0
What is the thousands digit of 1266913?
6
What is the units digit of 1033932?
2
What is the tens digit of 125732?
3
What is the thousands digit of 957375?
7
What is the ten thousands digit of 987377?
8
What is the hundreds digit of 2442993?
9
What is the units digit of 9339531?
1
What is the thousands digit of 923275?
3
What is the tens digit of 102290?
9
What is the hundreds digit of 42602862?
8
What is the thousands digit of 276880?
6
What is the hundreds digit of 2761867?
8
What is the thousands digit of 154429?
4
What is the millions digit of 2042375?
2
What is the ten thousands digit of 16850911?
5
What is the thousands digit of 277281?
7
What is the hundred thousands digit of 2256798?
2
What is the thousands digit of 1938475?
8
What is the hundred thousands digit of 5943545?
9
What is the ten thousands digit of 2672618?
7
What is the tens digit of 5162662?
6
What is the units digit of 321233?
3
What is the units digit of 311161?
1
What is the millions digit of 2174434?
2
What is the ten thousands digit of 157639?
5
What is the ten thousands digit of 3811019?
1
What is the hundreds digit of 514908?
9
What is the hundreds digit of 1826554?
5
What is the millions digit of 35641871?
5
What is the units digit of 190522?
2
What is the millions digit of 7173632?
7
What is the units digit of 82385?
5
What is the ten millions digit of 14126409?
1
What is the hundreds digit of 71140?
1
What is the tens digit of 394538?
3
What is the ten thousands digit of 1266555?
6
What is the units digit of 883683?
3
What is the thousands digit of 841744?
1
What is the hundred thousands digit of 139607?
1
What is the millions digit of 14324182?
4
What is the ten thousands digit of 7571553?
7
What is the hundred thousands digit of 1271426?
2
What is the units digit of 1490?
0
What is the units digit of 32285669?
9
What is the tens digit of 291423?
2
What is the thousands digit of 139424?
9
What is the hundreds digit of 13637?
6
What is the tens digit of 481415?
1
What is the millions digit of 2019571?
2
What is the ten thousands digit of 149386?
4
What is the millions digit of 1810482?
1
What is the units digit of 10000?
0
What is the hundreds digit of 3854603?
6
What is the hundreds digit of 117729?
7
What is the hundreds digit of 1651268?
2
What is the hundreds digit of 931872?
8
What is the hundreds digit of 392540?
5
What is the tens digit of 230549?
4
What is the tens digit of 11770?
7
What is the hundreds digit of 3063082?
0
What is the tens digit of 16634?
3
What is the tens digit of 85254?
5
What is the units digit of 503504?
4
What is the thousands digit of 7642528?
2
What is the millions digit of 3381715?
3
What is the ten thousands digit of 7188306?
8
What is the units digit of 3878116?
6
What is the ten thousands digit of 18712?
1
What is the units digit of 4515941?
1
What is the tens digit of 884066?
6
What is the thousands digit of 1775669?
